{"id":7,"date":"2013-06-05T19:08:54","date_gmt":"2013-06-05T17:08:54","guid":{"rendered":"http:\/\/rzucewo.com\/?page_id=7"},"modified":"2013-06-29T11:15:02","modified_gmt":"2013-06-29T09:15:02","slug":"o-projekcie","status":"publish","type":"page","link":"http:\/\/rzucewo.com\/?page_id=7","title":{"rendered":"O Projekcie"},"content":{"rendered":"<p style=\"text-align: center;\"><strong>O PROJEKCIE<\/strong><\/p>\n<p>Jednym z cel\u00f3w tworzenia park\u00f3w kulturowych, tak\u017ce archeologicznych jest wpisanie ich jako trwalej warto\u015bci we wsp\u00f3\u0142czesny krajobraz kulturowy. Stanowi\u0105 one atrakcyjn\u0105 ofert\u0119 turystyczn\u0105 i edukacyjn\u0105 dla region\u00f3w, w kt\u00f3rych zosta\u0142y utworzone. Ustawa o ochronie zabytk\u00f3w i opiece nad zabytkami z dnia 23 lipca 2003 roku, wprowadzi\u0142a now\u0105 form\u0119 ochrony krajobrazu kulturowego w postaci parku kulturowego. Krajobraz kulturowy jest zapisem historii w konkretnej przestrzeni.<br \/>\nOsada \u0142owc\u00f3w fok w Rzucewie, pochodz\u0105ca z V &#8211; II tys. p.n.e., ma wiele cech, kt\u00f3re eksponuj\u0105 nadmorski region kulturowy z typowym dla niego krajobrazem. Po\u0142o\u017cona jest bezpo\u015brednio nad brzegiem Zatoki Puckiej na p\u00f3\u0142noc od centrum wsi w Rzucewie. Zajmuje teren tzw. Cypla Rzucewskiego. Jest to teren w odr\u00f3\u017cnieniu od innych obszar\u00f3w nadmorskich jeszcze niezdewastowany. Zachowane walory krajobrazowe, kulturowe i archeologiczne nadaj\u0105 temu miejscu warto\u015b\u0107 ponadregionaln\u0105.<\/p>\n<p style=\"text-align: center;\"><strong>Osada \u0142owc\u00f3w fok z V &#8211; II tys. p.n.e.<\/strong><\/p>\n<p>Odkryta w 1894 roku, od ponad 100 lat stanowi wa\u017cne miejsce bada\u0144 archeologicznych nad po\u0142udniowym Ba\u0142tykiem. Jest stanowiskiem przewodnim do bada\u0144 nad dziedzictwem kulturowym pierwszych rybak\u00f3w i \u0142owc\u00f3w. Ju\u017c w 1930 roku, na podstawie odkry\u0107 w Rzucewie wprowadzono termin kultura rzucewska.\u00a0Dotychczasowe badania wykopaliskowe potwierdzi\u0142y ponadregionalne walory archeologiczne osady.<\/p>\n<p>Nale\u017c\u0105 do nich:<br \/>\na) \u015blady zabudowy terasowej (tj. budowa dom\u00f3w s\u0142upowych na wcze\u015bniej przygotowanych terasach na zboczu wysoczyzny, opadaj\u0105cym \u0142agodnie w kierunku jeziora, kt\u00f3re istnia\u0142o na terenie obecnej Zatoki Puckiej)<br \/>\nb) pracownia obr\u00f3bki siekier kamiennych i d\u0142ubanek<br \/>\nc) przysta\u0144 z zachowanymi umocnieniami drewnianymi.<\/p>\n<p>Walory regionalne:<br \/>\n&#8211; odkryte \u015blady dom\u00f3w s\u0142upowych i palenisk (np. charakterystyczne dla strefy nadmorskiej prostok\u0105tne paleniska)<br \/>\n&#8211; miejsca obr\u00f3bki rogu i ko\u015bci (np. harpun\u00f3w potrzebnych w czasie polowa\u0144 na foki)<br \/>\n&#8211; miejsca obr\u00f3bki krzemieni (min. strza\u0142 do \u0142uku, narz\u0119dzi do garbowania sk\u00f3r, obr\u00f3bki bursztynu)<br \/>\n&#8211; stanowisko do bada\u0144 szcz\u0105tk\u00f3w fok \u017cyj\u0105cych w Ba\u0142tyku w epoce kamienia<\/p>\n<p>Inne elementy archeologiczne i kulturowe na obszarze tzw. Cypla Rzucewskiego to:<br \/>\na) archeologiczne:<br \/>\n&#8211; obozowisko z pocz\u0105tk\u00f3w n.e.<br \/>\n&#8211; osada rybacka z okresu \u015bredniowiecza i czas\u00f3w nowo\u017cytnych<br \/>\nb) kulturowe:<br \/>\n&#8211; zachowane zabudowania osady rybackiej z prze\u0142omu XIX i XX wieku (2 czworaki i zabudowania gospodarcze)<br \/>\n&#8211; elementy kultu &#8211; kapliczka z figur\u0105 Matki Boskiej i krzy\u017c przydro\u017cny<\/p>\n<p>Tradycja miejsca:<br \/>\na) w latach 1927 &#8211; 29 przeprowadzono pierwsze badania wykopaliskowe nad Ba\u0142tykiem<br \/>\nb) Cypel Rzucewski nazwany przez miejscowych rybak\u00f3w \u201eHakiem\u201d lub \u201eKruszwic\u0105\u201d zwi\u0105zany by\u0142 z tradycj\u0105 po\u0142ow\u00f3w rybackich nad Zatok\u0105 Puck\u0105 &#8211; wspomina o tym w swoich pami\u0119tnikach prof. Konrad Ja\u017cd\u017cewski uczestnik pierwszych bada\u0144 archeologicznych w Rzucewie.<\/p>\n<p>Walory krajobrazowe:<br \/>\nCypel Rzucewski charakteryzuje si\u0119 du\u017cym zr\u00f3\u017cnicowaniem krajobrazu. Od wschodu jest to brzeg zatoki z pla\u017c\u0105, cz\u0119\u015b\u0107 \u015brodkowa zajmuje terasa akumulacyjna, podchodz\u0105ca do kraw\u0119dzi klifu, w cz\u0119\u015bci zachodniej to kraw\u0119d\u017a wysoczyzny puckiej. Teren charakteryzuje sie deniwelacjami. Daje to mo\u017cliwo\u015b\u0107 obserwacji otoczenia z r\u00f3\u017cnej perspektywy min. panoramy P\u00f3\u0142wyspu Helskiego, klifu w Os\u0142oninie, rezerwatu Beka i Cypla Rewskiego. \u015alady dawnego zagospodarowania ogrodowego &#8211; widoczne s\u0105 na pobliskiej kraw\u0119dzi klifu nasadzenia drzew owocowych.<\/p>\n<p>Elementy kulturowe w otoczeniu parku:<br \/>\na) na terenie wsi Rzucewo:<br \/>\n&#8211; w centrum wsi znajduje sie pa\u0142ac z XIX wieku wraz z zabytkowym parkiem (obecnie Hotel Jan III Sobieski)<br \/>\n&#8211; zabytkowa Aleja Lipowa<br \/>\n&#8211; \u015blady zabudowy folwarcznej<br \/>\nb) w okolicy wsi:<br \/>\n&#8211; na po\u0142udnie: Klif Os\u0142oni\u0144ski, rezerwat Beka, Zbiory Kaszubskie w Os\u0142oninie<br \/>\n&#8211; na p\u00f3\u0142noc: Puck z zabytkow\u0105 zabudow\u0105<\/p>\n<p><strong>Teren Parku Kulturowego obejmuje obszar tzw. Cypla Rzucewskiego, ograniczonego od wschodu drog\u0105 biegn\u0105c\u0105 r\u00f3wnolegle do brzegu morskiego, od po\u0142udnia drog\u0105 granicz\u0105c\u0105 z za\u0142o\u017ceniem pa\u0142acowo &#8211; parkowym, od zachodu traktem spacerowym na zach\u00f3d od obecnych zabudowa\u0144 le\u015bnicz\u00f3wki, granic\u0119 p\u00f3\u0142nocn\u0105 stanowi obszar le\u015bny. Park Kulturowy po\u0142o\u017cony jest na terenie kt\u00f3ry jest w\u0142asno\u015bci\u0105 Gminy Puck i Las\u00f3w Pa\u0144stwowych Nadle\u015bnictwa Wejherowo. Obszar znajduje sie na terenie Nadmorskiego Parku Krajobrazowego , Obszaru Natura 2000 i w pasie technicznym ochrony brzegu morskiego. Ca\u0142y teren Cypla Rzucewskiego wpisany jest do rejestru zabytk\u00f3w woj. pomorskiego &#8211; Dec. 400\/Archeol. i Dec.445\/Archeol.W planie zagospodarowania przestrzennego, uchwalonego w 2007 roku przez Rad\u0119 Gminy Puck, zapisano utworzenie Parku Kulturowego &#8211; Osada \u0141owc\u00f3w Fok w Rzucewie.<\/strong><\/p>\n<p><strong>W 2008 roku Muzeum Archeologiczne w Gda\u0144sku przedstawi\u0142o koncepcj\u0119 utworzenia Parku Kulturowego- autorstwa Danuty Kr\u00f3l i Teresy I\u017cewskiej , na podstawie kt\u00f3rej Rada Gminy Puck uchwali\u0142a utworzenie Parku Kulturowego- Osada \u0141owc\u00f3w Fok w Rzucewie.<\/strong><br \/>\n<strong> W 2009 roku W\u00f3jt Gminy Puck zleci\u0142 opracowanie dokumentacji projektowej- Budowa Parku Kulturowego- Osada \u0141owc\u00f3w Fok w Rzucewie gmina Puck. Projekt wykona\u0142o Biuro Architektoniczne Sp. z o.o. z Gdyni.<\/strong><br \/>\n<strong> Budow\u0119 Parku rozpocz\u0119to we wrze\u015bniu 2012 roku. Prace finansowane by\u0142y w ramach Programu Operacyjnego &#8222;Zr\u00f3wnowa\u017cony rozw\u00f3j sektora rybo\u0142\u00f3wstwa i nadbrze\u017cnych obszar\u00f3w rybackich 2007 &#8211; 2013\u201d. \u015arodek 4.1.Rozw\u00f3j obszar\u00f3w zale\u017cnych od rybactwa z wy\u0142\u0105czeniem realizacji operacji polegaj\u0105cych na funkcjonowaniu lokalnej grupy rybackiej (LGR) oraz nabywaniu umiej\u0119tno\u015bci i aktywizacji lokalnych spo\u0142eczno\u015bci.<\/strong><\/p>\n<p>W sk\u0142ad parku kulturowego wchodz\u0105 nast\u0119puj\u0105ce elementy:<br \/>\n\u2022 muzeum na wolnym powietrzu z rekonstrukcjami obiekt\u00f3w archeologicznych<br \/>\n\u2022 sta\u0142a ekspozycja archeologiczna w tzw. Chacie Kaszubskiej<\/p>\n<p>Zrekonstruowane obiekty archeologiczne usytuowane s\u0105 na trasie spacerowej wyznaczonej na terenie Parku. Archeologiczna trasa spacerowa wyznaczona b\u0119dzie od centrum wsi. Znajduj\u0105 si\u0119 te\u017c przy niej zamek i przydro\u017cne kapliczki. Na trasie znajduj\u0105 si\u0119 liczne miejsca odpoczynku dla zwiedzaj\u0105cych.<\/p>\n<p>DZIA\u0141ALNO\u015a\u0106 EDUKACYJNA<br \/>\nZapoznanie sie z najstarsz\u0105 histori\u0105 strefy nadmorskiej, pokazanie \u017cycia codziennego dawnych rybak\u00f3w i \u0142owc\u00f3w. Prowadzenie lekcji historii na \u017cywo, z pokazami w dawnych warsztatach: obr\u00f3bki krzemienia, kamienia, garncarskim, obr\u00f3bki rogu i ko\u015bci itp.. B\u0119dzie to oferta skierowana g\u0142\u00f3wnie do m\u0142odzie\u017cy i dzieci.<\/p>\n<p>DZIA\u0141ALNO\u015a\u0106 REKREACYJNA<br \/>\nOrganizacja festyn\u00f3w i piknik\u00f3w maj\u0105cych na celu pokazanie na \u017cywo r\u00f3\u017cnych aspekt\u00f3w \u017cycia \u0142owc\u00f3w i rybak\u00f3w w epoce kamienia. Pokazy wytwarzania dawnych narz\u0119dzi pracy i broni, konkursy strzelania z \u0142uku, rzucania rogowym harpunem. Na imprezach tych mo\u017cna pokaza\u0107 jak archeologia wp\u0142ywa na dzisiejszych tw\u00f3rc\u00f3w: rze\u017aby o tematyce dawnych \u0142owc\u00f3w, kopie naczy\u0144 glinianych, w\u0105tki prahistoryczne w obrazach i haftach, itp.<\/p>\n<p>DZIA\u0141ALNO\u015a\u0106 BADAWCZA<br \/>\nNa terenie parku planuje sie dalsze badania wykopaliskowe. Wielu naukowc\u00f3w przyje\u017cd\u017ca do Rzucewa, aby zobaczy\u0107 tak wa\u017cne stanowisko archeologiczne w basenie Morza Ba\u0142tyckiego. Spore zainteresowanie prowadzonymi wykopaliskami naukowych \u015brodowisk europejskich wynika z faktu odkrycia zabytk\u00f3w datowanych na V tys. p.n.e. &#8211; dotychczas uwa\u017cano, \u017ce nad Zatok\u0105 Puck\u0105 nie ma takich obiekt\u00f3w &#8211; oraz naczy\u0144 glinianych, maj\u0105cych \u015bcis\u0142e nawi\u0105zania do szwajcarskich osad nawodnych. Osada w Rzucewie jest przyk\u0142adem tego, jak plemiona \u0142owiecko-pasterskie, kt\u00f3re przyby\u0142y na obszar dzisiejszego Pobrze\u017ca Kaszubskiego, potrafi\u0142y zaadoptowa\u0107 sw\u00f3j system gospodarczy i kulturowy w miejscowym \u015brodowisku. Rozw\u00f3j osadnictwa na obszarze Cypla Rzucewskiego by\u0142 \u015bci\u015ble zwi\u0105zany z rozwojem linii brzegowej dzisiejszej zatoki. Dlatego te\u017c osada na cyplu to poligon badawczy nie tylko dla archeolog\u00f3w, ale i wielu innych specjalist\u00f3w zajmuj\u0105cych sie dawnym \u015brodowiskiem przyrodniczym (archeozoolodzy, geografowie, biolodzy itp.). Park b\u0119dzie miejscem cyklicznych spotka\u0144 archeolog\u00f3w i innych specjalist\u00f3w, zajmuj\u0105cych si\u0119 stref\u0105 nadmorsk\u0105. Na terenie parku odbywa\u0107 si\u0119 b\u0119d\u0105 spotkania w ramach archeologii do\u015bwiadczalnej z pokazami dla publiczno\u015bci.<br \/>\nNale\u017cy podkre\u015bli\u0107 \u017c\u0119 Park Kulturowy w Rzucewie jest drugim nad Ba\u0142tykiem parkiem zwi\u0105zanym z epok\u0105 kamienia\/ pierwszy jest na Wyspach Alandzkich\/. Zalet\u0105 parku rzucewskiego jest zaplecze ekspozycyjne w chacie kaszubskiej co powoduje \u017ce jest to obiekt ca\u0142oroczny.<\/p>\n<p>&nbsp;<\/p>\n<p><em>Autor tekstu: Danuta Kr\u00f3l (Muzeum Archeologiczne w Gda\u0144sku)<\/em><\/p>\n","protected":false},"excerpt":{"rendered":"<p>O PROJEKCIE Jednym z cel\u00f3w tworzenia park\u00f3w kulturowych, tak\u017ce archeologicznych jest wpisanie ich jako trwalej warto\u015bci we wsp\u00f3\u0142czesny krajobraz kulturowy. Stanowi\u0105 one atrakcyjn\u0105 ofert\u0119 turystyczn\u0105 i edukacyjn\u0105 dla region\u00f3w, w kt\u00f3rych zosta\u0142y utworzone. Ustawa o ochronie zabytk\u00f3w i opiece nad zabytkami z dnia 23 lipca 2003 roku, wprowadzi\u0142a now\u0105 form\u0119 ochrony krajobrazu kulturowego w postaci [&hellip;]<\/p>\n","protected":false},"author":1,"featured_media":0,"parent":4,"menu_order":4,"comment_status":"closed","ping_status":"open","template":"","meta":{"ngg_post_thumbnail":0,"footnotes":""},"_links":{"self":[{"href":"http:\/\/rzucewo.com\/index.php?rest_route=\/wp\/v2\/pages\/7"}],"collection":[{"href":"http:\/\/rzucewo.com\/index.php?rest_route=\/wp\/v2\/pages"}],"about":[{"href":"http:\/\/rzucewo.com\/index.php?rest_route=\/wp\/v2\/types\/page"}],"author":[{"embeddable":true,"href":"http:\/\/rzucewo.com\/index.php?rest_route=\/wp\/v2\/users\/1"}],"replies":[{"embeddable":true,"href":"http:\/\/rzucewo.com\/index.php?rest_route=%2Fwp%2Fv2%2Fcomments&post=7"}],"version-history":[{"count":9,"href":"http:\/\/rzucewo.com\/index.php?rest_route=\/wp\/v2\/pages\/7\/revisions"}],"predecessor-version":[{"id":91,"href":"http:\/\/rzucewo.com\/index.php?rest_route=\/wp\/v2\/pages\/7\/revisions\/91"}],"up":[{"embeddable":true,"href":"http:\/\/rzucewo.com\/index.php?rest_route=\/wp\/v2\/pages\/4"}],"wp:attachment":[{"href":"http:\/\/rzucewo.com\/index.php?rest_route=%2Fwp%2Fv2%2Fmedia&parent=7"}],"curies":[{"name":"wp","href":"https:\/\/api.w.org\/{rel}","templated":true}]}}

<p style="text-align: center;"><strong>O PROJEKCIE</strong></p>
<p>Jednym z celów tworzenia parków kulturowych, także archeologicznych jest wpisanie ich jako trwalej wartości we współczesny krajobraz kulturowy. Stanowią one atrakcyjną ofertę turystyczną i edukacyjną dla regionów, w których zostały utworzone. Ustawa o ochronie zabytków i opiece nad zabytkami z dnia 23 lipca 2003 roku, wprowadziła nową formę ochrony krajobrazu kulturowego w postaci parku kulturowego. Krajobraz kulturowy jest zapisem historii w konkretnej przestrzeni.<br />
Osada łowców fok w Rzucewie, pochodząca z V &#8211; II tys. p.n.e., ma wiele cech, które eksponują nadmorski region kulturowy z typowym dla niego krajobrazem. Położona jest bezpośrednio nad brzegiem Zatoki Puckiej na północ od centrum wsi w Rzucewie. Zajmuje teren tzw. Cypla Rzucewskiego. Jest to teren w odróżnieniu od innych obszarów nadmorskich jeszcze niezdewastowany. Zachowane walory krajobrazowe, kulturowe i archeologiczne nadają temu miejscu wartość ponadregionalną.</p>
<p style="text-align: center;"><strong>Osada łowców fok z V &#8211; II tys. p.n.e.</strong></p>
<p>Odkryta w 1894 roku, od ponad 100 lat stanowi ważne miejsce badań archeologicznych nad południowym Bałtykiem. Jest stanowiskiem przewodnim do badań nad dziedzictwem kulturowym pierwszych rybaków i łowców. Już w 1930 roku, na podstawie odkryć w Rzucewie wprowadzono termin kultura rzucewska. Dotychczasowe badania wykopaliskowe potwierdziły ponadregionalne walory archeologiczne osady.</p>
<p>Należą do nich:<br />
a) ślady zabudowy terasowej (tj. budowa domów słupowych na wcześniej przygotowanych terasach na zboczu wysoczyzny, opadającym łagodnie w kierunku jeziora, które istniało na terenie obecnej Zatoki Puckiej)<br />
b) pracownia obróbki siekier kamiennych i dłubanek<br />
c) przystań z zachowanymi umocnieniami drewnianymi.</p>
<p>Walory regionalne:<br />
&#8211; odkryte ślady domów słupowych i palenisk (np. charakterystyczne dla strefy nadmorskiej prostokątne paleniska)<br />
&#8211; miejsca obróbki rogu i kości (np. harpunów potrzebnych w czasie polowań na foki)<br />
&#8211; miejsca obróbki krzemieni (min. strzał do łuku, narzędzi do garbowania skór, obróbki bursztynu)<br />
&#8211; stanowisko do badań szczątków fok żyjących w Bałtyku w epoce kamienia</p>
<p>Inne elementy archeologiczne i kulturowe na obszarze tzw. Cypla Rzucewskiego to:<br />
a) archeologiczne:<br />
&#8211; obozowisko z początków n.e.<br />
&#8211; osada rybacka z okresu średniowiecza i czasów nowożytnych<br />
b) kulturowe:<br />
&#8211; zachowane zabudowania osady rybackiej z przełomu XIX i XX wieku (2 czworaki i zabudowania gospodarcze)<br />
&#8211; elementy kultu &#8211; kapliczka z figurą Matki Boskiej i krzyż przydrożny</p>
<p>Tradycja miejsca:<br />
a) w latach 1927 &#8211; 29 przeprowadzono pierwsze badania wykopaliskowe nad Bałtykiem<br />
b) Cypel Rzucewski nazwany przez miejscowych rybaków „Hakiem” lub „Kruszwicą” związany był z tradycją połowów rybackich nad Zatoką Pucką &#8211; wspomina o tym w swoich pamiętnikach prof. Konrad Jażdżewski uczestnik pierwszych badań archeologicznych w Rzucewie.</p>
<p>Walory krajobrazowe:<br />
Cypel Rzucewski charakteryzuje się dużym zróżnicowaniem krajobrazu. Od wschodu jest to brzeg zatoki z plażą, część środkowa zajmuje terasa akumulacyjna, podchodząca do krawędzi klifu, w części zachodniej to krawędź wysoczyzny puckiej. Teren charakteryzuje sie deniwelacjami. Daje to możliwość obserwacji otoczenia z różnej perspektywy min. panoramy Półwyspu Helskiego, klifu w Osłoninie, rezerwatu Beka i Cypla Rewskiego. Ślady dawnego zagospodarowania ogrodowego &#8211; widoczne są na pobliskiej krawędzi klifu nasadzenia drzew owocowych.</p>
<p>Elementy kulturowe w otoczeniu parku:<br />
a) na terenie wsi Rzucewo:<br />
&#8211; w centrum wsi znajduje sie pałac z XIX wieku wraz z zabytkowym parkiem (obecnie Hotel Jan III Sobieski)<br />
&#8211; zabytkowa Aleja Lipowa<br />
&#8211; ślady zabudowy folwarcznej<br />
b) w okolicy wsi:<br />
&#8211; na południe: Klif Osłoniński, rezerwat Beka, Zbiory Kaszubskie w Osłoninie<br />
&#8211; na północ: Puck z zabytkową zabudową</p>
<p><strong>Teren Parku Kulturowego obejmuje obszar tzw. Cypla Rzucewskiego, ograniczonego od wschodu drogą biegnącą równolegle do brzegu morskiego, od południa drogą graniczącą z założeniem pałacowo &#8211; parkowym, od zachodu traktem spacerowym na zachód od obecnych zabudowań leśniczówki, granicę północną stanowi obszar leśny. Park Kulturowy położony jest na terenie który jest własnością Gminy Puck i Lasów Państwowych Nadleśnictwa Wejherowo. Obszar znajduje sie na terenie Nadmorskiego Parku Krajobrazowego , Obszaru Natura 2000 i w pasie technicznym ochrony brzegu morskiego. Cały teren Cypla Rzucewskiego wpisany jest do rejestru zabytków woj. pomorskiego &#8211; Dec. 400/Archeol. i Dec.445/Archeol.W planie zagospodarowania przestrzennego, uchwalonego w 2007 roku przez Radę Gminy Puck, zapisano utworzenie Parku Kulturowego &#8211; Osada Łowców Fok w Rzucewie.</strong></p>
<p><strong>W 2008 roku Muzeum Archeologiczne w Gdańsku przedstawiło koncepcję utworzenia Parku Kulturowego- autorstwa Danuty Król i Teresy Iżewskiej , na podstawie której Rada Gminy Puck uchwaliła utworzenie Parku Kulturowego- Osada Łowców Fok w Rzucewie.</strong><br />
<strong> W 2009 roku Wójt Gminy Puck zlecił opracowanie dokumentacji projektowej- Budowa Parku Kulturowego- Osada Łowców Fok w Rzucewie gmina Puck. Projekt wykonało Biuro Architektoniczne Sp. z o.o. z Gdyni.</strong><br />
<strong> Budowę Parku rozpoczęto we wrześniu 2012 roku. Prace finansowane były w ramach Programu Operacyjnego &#8222;Zrównoważony rozwój sektora rybołówstwa i nadbrzeżnych obszarów rybackich 2007 &#8211; 2013”. Środek 4.1.Rozwój obszarów zależnych od rybactwa z wyłączeniem realizacji operacji polegających na funkcjonowaniu lokalnej grupy rybackiej (LGR) oraz nabywaniu umiejętności i aktywizacji lokalnych społeczności.</strong></p>
<p>W skład parku kulturowego wchodzą następujące elementy:<br />
• muzeum na wolnym powietrzu z rekonstrukcjami obiektów archeologicznych<br />
• stała ekspozycja archeologiczna w tzw. Chacie Kaszubskiej</p>
<p>Zrekonstruowane obiekty archeologiczne usytuowane są na trasie spacerowej wyznaczonej na terenie Parku. Archeologiczna trasa spacerowa wyznaczona będzie od centrum wsi. Znajdują się też przy niej zamek i przydrożne kapliczki. Na trasie znajdują się liczne miejsca odpoczynku dla zwiedzających.</p>
<p>DZIAŁALNOŚĆ EDUKACYJNA<br />
Zapoznanie sie z najstarszą historią strefy nadmorskiej, pokazanie życia codziennego dawnych rybaków i łowców. Prowadzenie lekcji historii na żywo, z pokazami w dawnych warsztatach: obróbki krzemienia, kamienia, garncarskim, obróbki rogu i kości itp.. Będzie to oferta skierowana głównie do młodzieży i dzieci.</p>
<p>DZIAŁALNOŚĆ REKREACYJNA<br />
Organizacja festynów i pikników mających na celu pokazanie na żywo różnych aspektów życia łowców i rybaków w epoce kamienia. Pokazy wytwarzania dawnych narzędzi pracy i broni, konkursy strzelania z łuku, rzucania rogowym harpunem. Na imprezach tych można pokazać jak archeologia wpływa na dzisiejszych twórców: rzeźby o tematyce dawnych łowców, kopie naczyń glinianych, wątki prahistoryczne w obrazach i haftach, itp.</p>
<p>DZIAŁALNOŚĆ BADAWCZA<br />
Na terenie parku planuje sie dalsze badania wykopaliskowe. Wielu naukowców przyjeżdża do Rzucewa, aby zobaczyć tak ważne stanowisko archeologiczne w basenie Morza Bałtyckiego. Spore zainteresowanie prowadzonymi wykopaliskami naukowych środowisk europejskich wynika z faktu odkrycia zabytków datowanych na V tys. p.n.e. &#8211; dotychczas uważano, że nad Zatoką Pucką nie ma takich obiektów &#8211; oraz naczyń glinianych, mających ścisłe nawiązania do szwajcarskich osad nawodnych. Osada w Rzucewie jest przykładem tego, jak plemiona łowiecko-pasterskie, które przybyły na obszar dzisiejszego Pobrzeża Kaszubskiego, potrafiły zaadoptować swój system gospodarczy i kulturowy w miejscowym środowisku. Rozwój osadnictwa na obszarze Cypla Rzucewskiego był ściśle związany z rozwojem linii brzegowej dzisiejszej zatoki. Dlatego też osada na cyplu to poligon badawczy nie tylko dla archeologów, ale i wielu innych specjalistów zajmujących sie dawnym środowiskiem przyrodniczym (archeozoolodzy, geografowie, biolodzy itp.). Park będzie miejscem cyklicznych spotkań archeologów i innych specjalistów, zajmujących się strefą nadmorską. Na terenie parku odbywać się będą spotkania w ramach archeologii doświadczalnej z pokazami dla publiczności.<br />
Należy podkreślić żę Park Kulturowy w Rzucewie jest drugim nad Bałtykiem parkiem związanym z epoką kamienia/ pierwszy jest na Wyspach Alandzkich/. Zaletą parku rzucewskiego jest zaplecze ekspozycyjne w chacie kaszubskiej co powoduje że jest to obiekt całoroczny.</p>
<p>&nbsp;</p>
<p><em>Autor tekstu: Danuta Król (Muzeum Archeologiczne w Gdańsku)</em></p>

<p>O PROJEKCIE Jednym z celów tworzenia parków kulturowych, także archeologicznych jest wpisanie ich jako trwalej wartości we współczesny krajobraz kulturowy. Stanowią one atrakcyjną ofertę turystyczną i edukacyjną dla regionów, w których zostały utworzone. Ustawa o ochronie zabytków i opiece nad zabytkami z dnia 23 lipca 2003 roku, wprowadziła nową formę ochrony krajobrazu kulturowego w postaci [&hellip;]</p>
